6 + (-104)/6. What is the tens digit of (j/(-8))/(3/128)?
9
Let p = 74 + -68. Suppose p*q = -0*q + 366. What is the tens digit of q?
6
Let u(x) = -2*x + 2. Let h be u(1). Suppose h = -z + y + 350, z + 4*z + 2*y = 1785. What is the hundreds digit of z?
3
Suppose -k - 781 = -4*j, 5*k = -j + 116 + 74. Suppose 5*t = v - 592 + j, -4*t - 314 = -2*v. Let s = t + 124. What is the units digit of s?
4
Let h = -23 - -23. Let q(m) = -6*m + 4*m + 1 + h*m. What is the units digit of q(-10)?
1
Suppose -a + 6*a + 2*y - 158 = 0, 3*a = 5*y + 70. Let z = a + -22. Suppose 0 = z*u - 2*u - 216. What is the units digit of u?
6
Let s = 91 + -64. Let u be (-1 - -2)*83 - 3. Suppose -h - s = -u. What is the units digit of h?
3
Suppose 0 = 43*k - 44*k. Suppose 8*c - 199 - 201 = k. What is the units digit of c?
0
Suppose -13*j - f - 1722 = -17*j, 1720 = 4*j - 2*f. What is the hundreds digit of j?
4
Suppose 26*h = 28*h - 156. Let u = h + -47. Let x = u - 13. What is the units digit of x?
8
Let m(a) = a**2 - 6*a - 9. Let j be m(7). Let y be (6/j)/((-5)/65). Suppose 0 = -3*f - g + 42 + 20, 3*g - y = -2*f. What is the units digit of f?
1
Suppose -4*m - 55 = -r, -5*m + r - 56 = 4*r. Let t = 6 - m. What is the units digit of t?
9
Suppose 0 = 7*g + 562 - 1528. What is the tens digit of g + 18/12*8/6?
4
Let k(s) = 10*s**3 + s**2 - 8*s - 7. What is the units digit of k(3)?
8
Let r(p) = -2*p**3 + 28*p**2 - 21*p - 6. What is the tens digit of r(11)?
8
Suppose 0 = 22*s - 25*s - 9. What is the units digit of ((-6)/(-12))/((6/(-188))/s)?
7
Let i(b) = b**3 + b**2 + 5*b + 70. What is the units digit of i(0)?
0
Suppose -3454 = -2*s - 2*b + 112, 4*b = 4*s - 7108. What is the tens digit of s?
8
Suppose -3*a + 2208 - 234 = 0. Suppose -5*f + 1 = 21. What is the units digit of (a/(-21))/(f/6)?
7
Suppose 17 = a + 5*z, -5*z + 7 + 4 = -2*a. Suppose 2*n + 200 = 4*f + n, -a*n + 188 = 4*f. What is the tens digit of f?
4
Suppose -125 = -5*p + 4*w, 80 = 2*p + 3*p + 5*w. Let v = p - 12. Suppose -4*r + v*r = 110. What is the units digit of r?
2
Let v(q) = 4*q**2 + 11*q - 27. What is the units digit of v(-8)?
1
Let y be 9/27 - 33/(-9). What is the tens digit of (-3)/(y - 205/50)?
3
Suppose 0 = -2*h + 5*h - 24. Suppose -966 = -h*l + 2*l. What is the tens digit of l?
6
Let j be 184/7 + (-2)/7. Let z = 62 - j. What is the tens digit of z?
3
Suppose -5*g = 25, -4*p - g - 268 + 5415 = 0. What is the hundreds digit of p?
2
Let m = 36 + -32. Suppose 0 = 4*v + m*d - 432, 5*v - 3*d + 6*d - 536 = 0. What is the tens digit of v?
0
What is the hundreds digit of (-272)/102*(-6390)/4?
2
Let b be 60/8*(-72)/15. Let j = -8 - b. What is the tens digit of j?
2
Let h = -4507 + 7736. What is the units digit of h?
9
Let s be 3*2*6/90*-5. What is the hundreds digit of (1 + 73)*(3 + 1 + s)?
1
Suppose -9 = 3*h - 2*h - 4*i, 2*h = -3*i + 37. Let f = 31 + h. What is the units digit of ((-12)/(-9))/(2/f)?
8
Let i = -2163 + 3123. What is the tens digit of i?
6
Let z be (-4)/(-28) - 380/(-35). Suppose -3*i + 66 = 3*u, 0*i - i + 37 = 4*u. Suppose -4*r = -i - z. What is the units digit of r?
7
Suppose 5*b = -5*i + 1430, -7*b = -12*b + 5*i + 1400. What is the tens digit of b?
8
Let q = -519 + 878. What is the tens digit of q?
5
Let z(k) = 2*k**3 - k**2 - 20*k + 164. What is the tens digit of z(7)?
6
Let r(b) = b**3 - 5*b**2 + 12*b + 13. Let g be r(6). Suppose 79 = 8*m - g. What is the units digit of m?
5
Suppose -28*i = -2*v - 25*i + 2792, 2*i + 6980 = 5*v. What is the thousands digit of v?
1
Let f be 8*1 + 2/1. Let u = -6 + f. What is the units digit of (-1)/4 + 41/u?
0
Suppose 2*a - 18 + 26 = 0, 3*v + 3*a - 2259 = 0. What is the units digit of v?
7
Let o(d) = d**3 + 3*d**2 + 6*d - 9. Let u = -15 + 18. What is the units digit of o(u)?
3
Let a be -6*(-3 + 1)/6. Suppose 0 = -o + a*o - 2, 5*q + 4*o = 873. What is the hundreds digit of q?
1
Let k(l) = 17*l**2 + 6*l - 14. What is the tens digit of k(4)?
8
Let n = -4 + -10. Let f = -4 - n. What is the tens digit of f?
1
Suppose -4*l + 148 = -388. What is the tens digit of l?
3
Suppose -22*f + 2464 = -10274. What is the units digit of f?
9
Suppose -q - 5692 = -5*b, 4*b - 5512 = -2*q - 950. What is the thousands digit of b?
1
Suppose 4*x - 210 = 2*u, -4*u = 3*x - 103 - 60. Let s = 55 - x. What is the units digit of s?
2
Suppose 0 = 6*a - 8*a + 156. What is the tens digit of 2/(((-4)/a)/(-1))?
3
Let z(p) = -p - 7. Let o be z(-6). Let v = o - -4. Suppose 8 = -4*b, 2*b + b + v = -3*y. What is the units digit of y?
1
Let z(q) = 32*q**3 + 21*q**2 - 5*q + 3. What is the units digit of z(3)?
1
Let i = -229 - -684. What is the hundreds digit of i?
4
Let h be 9*4/(16/100). Suppose 0 = 2*u + 3*a - a - 78, a + h = 5*u. What is the tens digit of u?
4
Suppose -o = 2*w - 2*o - 7, 4*w - 7 = -5*o. Suppose -3*h - 2*d - 3*d = -61, 5*h = w*d + 45. What is the units digit of 309/18 + (-2)/h?
7
Let h(q) = -q**3 - 14*q**2 + 11*q + 13. Let o(l) = -l - 1. Let b(s) = h(s) - 3*o(s). What is the tens digit of b(-15)?
3
Let n = -840 + 1740. Suppose -4*d - 5*d + n = 0. What is the hundreds digit of d?
1
Let w = -296 - -1032. What is the units digit of w?
6
Let h(c) = c**3 - 13*c**2 - 21*c + 26. What is the tens digit of h(15)?
6
What is the units digit of ((-64)/(-5))/(1535/1525 + -1)?
2
Suppose -3*w + 4*w + 4*s - 23 = 0, w - s + 2 = 0. Suppose -4*n + 30 = l, -32 = -l + n - w*n. What is the units digit of l?
4
Let c(g) = g**2 - g - 2. Let r be (-6)/9*(-7)/((-70)/45). What is the units digit of c(r)?
0
Let u = -5 - 3. Let m be (u/(-6))/(-2)*-3. What is the tens digit of -2 + (30 - m) - 3?
2
Let k = 30 + -28. Suppose -2*r + 11 = 3*l - 206, 0 = -k*r + 10. What is the tens digit of l?
6
Suppose 5*n = 4*n. Let d(o) be the third derivative of -o**4/24 + o**3/2 + 55*o**2. What is the units digit of d(n)?
3
Suppose 3*n + 3*p = 21, 18 = -3*n + 2*n + 4*p. Suppose n*g = 3*g. Suppose -14 + g = -t. What is the units digit of t?
4
Suppose -o + 5*q + 69 = 0, 2*o - 146 = 4*q - 26. What is the tens digit of o?
5
Suppose 0 = -7*c + 2839 + 241. What is the units digit of c?
0
Suppose 0 = -3*s - 109 + 952. What is the hundreds digit of s?
2
Let u = 18 + -16. Suppose 0 = u*c - 4*c + 172. What is the units digit of c?
6
Suppose -209 = -3*z + 427. Suppose x + 100 = s - 7, -z = -2*s + 3*x. What is the units digit of s?
9
Let w(o) = -10*o**2 - 2*o + 3. Let a be w(2). Suppose -4*f - 54 = -x, 0 = 4*f - 26 + 10. Let n = a + x. What is the units digit of n?
9
Let x(b) = -b**3 - b**2 - b - 1. Let j(i) = 126*i**3 - 2*i**2 - 6*i - 7. Let k(p) = -j(p) + 4*x(p). What is the hundreds digit of k(-1)?
1
Let d = 262 - -78. Let a(q) = 5*q**2 - 32*q + 8. Let h be a(6). What is the tens digit of d/30 - h/6?
1
Let l(v) = -2 - v + 14 - 2*v + 2. What is the units digit of l(3)?
5
Let a be (-2)/(((-6)/8)/((-54)/(-16))). Suppose -3*q + 199 = 4*k, -3*q - a - 22 = -k. What is the tens digit of k?
4
Suppose 5*m = -5*u + 2355, m + 0*m = 5*u + 471. What is the hundreds digit of m?
4
Let f(b) = b**3 + 6*b**2 - 8*b + 9. Let d(o) = -o**3 - 5*o**2 + 9*o - 9. Let r(j) = 3*d(j) + 4*f(j). What is the units digit of r(-9)?
4
Let d be 48/(-4)*(-64)/6. Suppose 0 = -5*z + d + 12. What is the units digit of z?
8
Let a(v) = -2*v**3 - 9*v**2 - 31*v - 98. What is the hundreds digit of a(-9)?
9
Let t = -26 - -26. Let q(r) = 2*r + 20. Let k be q(t). Suppose 0 = -5*i + 120 + k. What is the units digit of i?
8
Let h(v) = v**2 + 7*v - 35. Let f be h(-11). Suppose 0 = 3*a - f, 0 = -5*x - 5*a - 22 + 702. What is the units digit of x?
3
Suppose -4*h = h + 60. Let b = h + 23. Suppose -b*l = -6*l - 110. What is the units digit of l?
2
Suppose 5*r + 6 = 21. Suppose 0 = 5*a + 2*c - 389, -a + 3*c = -r*a + 149. What is the units digit of a?
9
Let c(j) = 4 - 5 - 3*j**2 + 5*j**2 - j**2. Let n be c(2). Suppose -7*k + 32 = -n*k. What is the units digit of k?
8
Let k(p) = -p**3 - 3*p**2 + 2*p + 9. Let y be k(-3). Suppose 7 = -l + b + 32, 2*l - y*b = 51. What is the tens digit of l?
2
Let k = -95 + 232. Let u = k - 90. What is the units digit of u?
7
Let l(p) = 5 - 8*p**2 - 2 - 3*p**3 + 4*p**3 + 7*p. Let k be l(7). Suppose 2*w - k*d + 1 = 0, -5*w + 0*w + 14 = -2*d. What is the units digit of w?
4
Let b(p) = 2*p**3 - 18*p**2 - 25*p - 22. Let r(n) = n**3 - 9*n**2 - 12*n - 12. Let u(h) = 2*b(h) - 5*r(h).